{"id":20066,"date":"2026-01-07T13:37:59","date_gmt":"2026-01-07T12:37:59","guid":{"rendered":"https:\/\/www.anopri.com\/?post_type=product&#038;p=20066"},"modified":"2026-01-07T13:38:00","modified_gmt":"2026-01-07T12:38:00","slug":"support-de-base-ajustable-epsilon","status":"publish","type":"product","link":"https:\/\/www.anopri.com\/?product=support-de-base-ajustable-epsilon","title":{"rendered":"Support de Base Ajustable &#8211; Epsilon"},"content":{"rendered":"<p>Ce socle ajustable permet de soulever vos grands appareils \u00e9l\u00e9ctrom\u00e9nagers facilement. Le support peut offrir une protection \u00e0 votre r\u00e9frig\u00e9rateur ou machine \u00e0 laver contre l&rsquo;humidit\u00e9 et la corrosion. Les tapis anti-glisse assurent non seulement la stabilit\u00e9, mais ils r\u00e9duisent le bruit de la machine \u00e0 laver pendant son utilisation \u00e9galement.<\/p>\n","protected":false},"excerpt":{"rendered":"<p>convenable pour lave-linge, s\u00e8che-linge, frigo etc.<br \/>\n&#8211; dot\u00e9 de 4 pieds ajustables permettant de soulever la machine du sol<br \/>\n&#8211; des patins en caoutchouc antid\u00e9rapants assurent la stabilit\u00e9 de votre machine<br \/>\n&#8211; ajustable en largeur, longueur et en hauteur pour s&rsquo;adapter \u00e0 la taille de votre appareil<br \/>\n&#8211; prot\u00e8ge votre appareil contre l&rsquo;humidit\u00e9 du sol<br \/>\n&#8211; facilite l&rsquo;acc\u00e8s pendant les grands m\u00e9nages<br \/>\n&#8211; capacit\u00e9 de charge jusqu&rsquo;\u00e0 138 kg<\/p>\n","protected":false},"featured_media":20069,"comment_status":"closed","ping_status":"closed","template":"","meta":{"_monsterinsights_skip_tracking":false,"_monsterinsights_sitenote_active":false,"_monsterinsights_sitenote_note":"","_monsterinsights_sitenote_category":0,"_bst_post_transparent":"","_bst_post_title":"","_bst_post_layout":"","_bst_post_sidebar_id":"","_bst_post_content_style":"","_bst_post_vertical_padding":"","_bst_post_feature":"","_bst_post_feature_position":"","_bst_post_header":false,"_bst_post_footer":false},"product_brand":[],"product_cat":[132,137,242],"product_tag":[],"product_brands":[],"class_list":{"0":"post-20066","1":"product","2":"type-product","3":"status-publish","4":"has-post-thumbnail","6":"product_cat-electromenager","7":"product_cat-machine-a-laver-et-seche-linge","8":"product_cat-outillages-et-petits-materiels-a-main","10":"first","11":"instock","12":"shipping-taxable","13":"purchasable","14":"product-type-simple","15":"entry","16":"content-bg","17":"loop-entry"},"yoast_head":"<!-- This site is optimized with the Yoast SEO Premium plugin v19.7 (Yoast SEO v19.14) - https:\/\/yoast.com\/wordpress\/plugins\/seo\/ -->\n<title>Support de Base Ajustable - Epsilon - Anopri<\/title>\n<meta name=\"robots\" content=\"index, follow, max-snippet:-1, max-image-preview:large, max-video-preview:-1\" \/>\n<link rel=\"canonical\" href=\"https:\/\/www.anopri.com\/?product=support-de-base-ajustable-epsilon\" \/>\n<meta property=\"og:locale\" content=\"fr_FR\" \/>\n<meta property=\"og:type\" content=\"article\" \/>\n<meta property=\"og:title\" content=\"Support de Base Ajustable - Epsilon\" \/>\n<meta property=\"og:description\" content=\"convenable pour lave-linge, s\u00e8che-linge, frigo etc. - dot\u00e9 de 4 pieds ajustables permettant de soulever la machine du sol - des patins en caoutchouc antid\u00e9rapants assurent la stabilit\u00e9 de votre machine - ajustable en largeur, longueur et en hauteur pour s&#039;adapter \u00e0 la taille de votre appareil - prot\u00e8ge votre appareil contre l&#039;humidit\u00e9 du sol - facilite l&#039;acc\u00e8s pendant les grands m\u00e9nages - capacit\u00e9 de charge jusqu&#039;\u00e0 138 kg\" \/>\n<meta property=\"og:url\" content=\"https:\/\/www.anopri.com\/?product=support-de-base-ajustable-epsilon\" \/>\n<meta property=\"og:site_name\" content=\"Anopri\" \/>\n<meta property=\"article:publisher\" content=\"https:\/\/web.facebook.com\/profile.php?id=100080248592655\" \/>\n<meta property=\"article:modified_time\" content=\"2026-01-07T12:38:00+00:00\" \/>\n<meta property=\"og:image\" content=\"https:\/\/www.anopri.com\/wp-content\/uploads\/2026\/01\/telechargement.png\" \/>\n\t<meta property=\"og:image:width\" content=\"374\" \/>\n\t<meta property=\"og:image:height\" content=\"281\" \/>\n\t<meta property=\"og:image:type\" content=\"image\/png\" \/>\n<meta name=\"twitter:card\" content=\"summary_large_image\" \/>\n<meta name=\"twitter:label1\" content=\"Dur\u00e9e de lecture estim\u00e9e\" \/>\n\t<meta name=\"twitter:data1\" content=\"1 minute\" \/>\n<script type=\"application\/ld+json\" class=\"yoast-schema-graph\">{\"@context\":\"https:\/\/schema.org\",\"@graph\":[{\"@type\":\"WebPage\",\"@id\":\"https:\/\/www.anopri.com\/?product=support-de-base-ajustable-epsilon\",\"url\":\"https:\/\/www.anopri.com\/?product=support-de-base-ajustable-epsilon\",\"name\":\"Support de Base Ajustable - Epsilon - Anopri\",\"isPartOf\":{\"@id\":\"https:\/\/www.anopri.com\/#website\"},\"datePublished\":\"2026-01-07T12:37:59+00:00\",\"dateModified\":\"2026-01-07T12:38:00+00:00\",\"breadcrumb\":{\"@id\":\"https:\/\/www.anopri.com\/?product=support-de-base-ajustable-epsilon#breadcrumb\"},\"inLanguage\":\"fr-FR\",\"potentialAction\":[{\"@type\":\"ReadAction\",\"target\":[\"https:\/\/www.anopri.com\/?product=support-de-base-ajustable-epsilon\"]}]},{\"@type\":\"BreadcrumbList\",\"@id\":\"https:\/\/www.anopri.com\/?product=support-de-base-ajustable-epsilon#breadcrumb\",\"itemListElement\":[{\"@type\":\"ListItem\",\"position\":1,\"name\":\"Home\",\"item\":\"https:\/\/www.anopri.com\/\"},{\"@type\":\"ListItem\",\"position\":2,\"name\":\"Shop\",\"item\":\"https:\/\/www.anopri.com\/?page_id=9\"},{\"@type\":\"ListItem\",\"position\":3,\"name\":\"Support de Base Ajustable &#8211; Epsilon\"}]},{\"@type\":\"WebSite\",\"@id\":\"https:\/\/www.anopri.com\/#website\",\"url\":\"https:\/\/www.anopri.com\/\",\"name\":\"Anopri\",\"description\":\"Le num\u00e9ro 1 du E-commerce au Cameroun\",\"publisher\":{\"@id\":\"https:\/\/www.anopri.com\/#organization\"},\"potentialAction\":[{\"@type\":\"SearchAction\",\"target\":{\"@type\":\"EntryPoint\",\"urlTemplate\":\"https:\/\/www.anopri.com\/?s={search_term_string}\"},\"query-input\":\"required name=search_term_string\"}],\"inLanguage\":\"fr-FR\"},{\"@type\":\"Organization\",\"@id\":\"https:\/\/www.anopri.com\/#organization\",\"name\":\"Anopri\",\"url\":\"https:\/\/www.anopri.com\/\",\"logo\":{\"@type\":\"ImageObject\",\"inLanguage\":\"fr-FR\",\"@id\":\"https:\/\/www.anopri.com\/#\/schema\/logo\/image\/\",\"url\":\"https:\/\/www.anopri.com\/wp-content\/uploads\/2021\/12\/logo_anopris-removebg-preview-pihrepl4a7wbf4ckedruxkg3fixsgydq3o170682d0.png\",\"contentUrl\":\"https:\/\/www.anopri.com\/wp-content\/uploads\/2021\/12\/logo_anopris-removebg-preview-pihrepl4a7wbf4ckedruxkg3fixsgydq3o170682d0.png\",\"width\":136,\"height\":50,\"caption\":\"Anopri\"},\"image\":{\"@id\":\"https:\/\/www.anopri.com\/#\/schema\/logo\/image\/\"},\"sameAs\":[\"https:\/\/web.facebook.com\/profile.php?id=100080248592655\"]}]}<\/script>\n<!-- \/ Yoast SEO Premium plugin. -->","yoast_head_json":{"title":"Support de Base Ajustable - Epsilon - Anopri","robots":{"index":"index","follow":"follow","max-snippet":"max-snippet:-1","max-image-preview":"max-image-preview:large","max-video-preview":"max-video-preview:-1"},"canonical":"https:\/\/www.anopri.com\/?product=support-de-base-ajustable-epsilon","og_locale":"fr_FR","og_type":"article","og_title":"Support de Base Ajustable - Epsilon","og_description":"convenable pour lave-linge, s\u00e8che-linge, frigo etc. - dot\u00e9 de 4 pieds ajustables permettant de soulever la machine du sol - des patins en caoutchouc antid\u00e9rapants assurent la stabilit\u00e9 de votre machine - ajustable en largeur, longueur et en hauteur pour s'adapter \u00e0 la taille de votre appareil - prot\u00e8ge votre appareil contre l'humidit\u00e9 du sol - facilite l'acc\u00e8s pendant les grands m\u00e9nages - capacit\u00e9 de charge jusqu'\u00e0 138 kg","og_url":"https:\/\/www.anopri.com\/?product=support-de-base-ajustable-epsilon","og_site_name":"Anopri","article_publisher":"https:\/\/web.facebook.com\/profile.php?id=100080248592655","article_modified_time":"2026-01-07T12:38:00+00:00","og_image":[{"width":374,"height":281,"url":"https:\/\/www.anopri.com\/wp-content\/uploads\/2026\/01\/telechargement.png","type":"image\/png"}],"twitter_card":"summary_large_image","twitter_misc":{"Dur\u00e9e de lecture estim\u00e9e":"1 minute"},"schema":{"@context":"https:\/\/schema.org","@graph":[{"@type":"WebPage","@id":"https:\/\/www.anopri.com\/?product=support-de-base-ajustable-epsilon","url":"https:\/\/www.anopri.com\/?product=support-de-base-ajustable-epsilon","name":"Support de Base Ajustable - Epsilon - Anopri","isPartOf":{"@id":"https:\/\/www.anopri.com\/#website"},"datePublished":"2026-01-07T12:37:59+00:00","dateModified":"2026-01-07T12:38:00+00:00","breadcrumb":{"@id":"https:\/\/www.anopri.com\/?product=support-de-base-ajustable-epsilon#breadcrumb"},"inLanguage":"fr-FR","potentialAction":[{"@type":"ReadAction","target":["https:\/\/www.anopri.com\/?product=support-de-base-ajustable-epsilon"]}]},{"@type":"BreadcrumbList","@id":"https:\/\/www.anopri.com\/?product=support-de-base-ajustable-epsilon#breadcrumb","itemListElement":[{"@type":"ListItem","position":1,"name":"Home","item":"https:\/\/www.anopri.com\/"},{"@type":"ListItem","position":2,"name":"Shop","item":"https:\/\/www.anopri.com\/?page_id=9"},{"@type":"ListItem","position":3,"name":"Support de Base Ajustable &#8211; Epsilon"}]},{"@type":"WebSite","@id":"https:\/\/www.anopri.com\/#website","url":"https:\/\/www.anopri.com\/","name":"Anopri","description":"Le num\u00e9ro 1 du E-commerce au Cameroun","publisher":{"@id":"https:\/\/www.anopri.com\/#organization"},"potentialAction":[{"@type":"SearchAction","target":{"@type":"EntryPoint","urlTemplate":"https:\/\/www.anopri.com\/?s={search_term_string}"},"query-input":"required name=search_term_string"}],"inLanguage":"fr-FR"},{"@type":"Organization","@id":"https:\/\/www.anopri.com\/#organization","name":"Anopri","url":"https:\/\/www.anopri.com\/","logo":{"@type":"ImageObject","inLanguage":"fr-FR","@id":"https:\/\/www.anopri.com\/#\/schema\/logo\/image\/","url":"https:\/\/www.anopri.com\/wp-content\/uploads\/2021\/12\/logo_anopris-removebg-preview-pihrepl4a7wbf4ckedruxkg3fixsgydq3o170682d0.png","contentUrl":"https:\/\/www.anopri.com\/wp-content\/uploads\/2021\/12\/logo_anopris-removebg-preview-pihrepl4a7wbf4ckedruxkg3fixsgydq3o170682d0.png","width":136,"height":50,"caption":"Anopri"},"image":{"@id":"https:\/\/www.anopri.com\/#\/schema\/logo\/image\/"},"sameAs":["https:\/\/web.facebook.com\/profile.php?id=100080248592655"]}]}},"_links":{"self":[{"href":"https:\/\/www.anopri.com\/index.php?rest_route=\/wp\/v2\/product\/20066","targetHints":{"allow":["GET"]}}],"collection":[{"href":"https:\/\/www.anopri.com\/index.php?rest_route=\/wp\/v2\/product"}],"about":[{"href":"https:\/\/www.anopri.com\/index.php?rest_route=\/wp\/v2\/types\/product"}],"replies":[{"embeddable":true,"href":"https:\/\/www.anopri.com\/index.php?rest_route=%2Fwp%2Fv2%2Fcomments&post=20066"}],"version-history":[{"count":2,"href":"https:\/\/www.anopri.com\/index.php?rest_route=\/wp\/v2\/product\/20066\/revisions"}],"predecessor-version":[{"id":20073,"href":"https:\/\/www.anopri.com\/index.php?rest_route=\/wp\/v2\/product\/20066\/revisions\/20073"}],"wp:featuredmedia":[{"embeddable":true,"href":"https:\/\/www.anopri.com\/index.php?rest_route=\/wp\/v2\/media\/20069"}],"wp:attachment":[{"href":"https:\/\/www.anopri.com\/index.php?rest_route=%2Fwp%2Fv2%2Fmedia&parent=20066"}],"wp:term":[{"taxonomy":"product_brand","embeddable":true,"href":"https:\/\/www.anopri.com\/index.php?rest_route=%2Fwp%2Fv2%2Fproduct_brand&post=20066"},{"taxonomy":"product_cat","embeddable":true,"href":"https:\/\/www.anopri.com\/index.php?rest_route=%2Fwp%2Fv2%2Fproduct_cat&post=20066"},{"taxonomy":"product_tag","embeddable":true,"href":"https:\/\/www.anopri.com\/index.php?rest_route=%2Fwp%2Fv2%2Fproduct_tag&post=20066"},{"taxonomy":"product_brands","embeddable":true,"href":"https:\/\/www.anopri.com\/index.php?rest_route=%2Fwp%2Fv2%2Fproduct_brands&post=20066"}],"curies":[{"name":"wp","href":"https:\/\/api.w.org\/{rel}","templated":true}]}}