{"id":15726,"date":"2023-10-21T18:46:04","date_gmt":"2023-10-21T16:46:04","guid":{"rendered":"https:\/\/www.anopri.com\/?post_type=product&#038;p=15726"},"modified":"2023-11-09T17:34:05","modified_gmt":"2023-11-09T16:34:05","slug":"ventilateur-oscar-osc-40-1601b-16-pouces","status":"publish","type":"product","link":"https:\/\/www.anopri.com\/?product=ventilateur-oscar-osc-40-1601b-16-pouces","title":{"rendered":"VENTILATEUR OSCAR OSC-40-1601B -16 POUCES"},"content":{"rendered":"<p>Le\u00a0<strong>ventilateur sur pied oscillant<\/strong>\u00a0vient ainsi refroidir la pi\u00e8ce dans laquelle il se trouve et fournit un air plus frais. Si vous souhaitez dormir \u00e0 une temp\u00e9rature convenable, c\u2019est le produit qu\u2019il vous faut.<\/p>\n<p>Ce ventilateur offre une puissance de 50 W et dispose d\u2019une t\u00eate rotative lui permettant de couvrir une grande surface. Le r\u00e9glage de l\u2019angle d\u2019inclinaison permet de changer la direction du flux d\u2019air verticalement.<\/p>\n","protected":false},"excerpt":{"rendered":"<p><strong>Type de produit :<\/strong>\u00a0Ventilateur<\/p>\n<p>Marque:\u00a0Oscar<\/p>\n<p><strong>Mati\u00e8re :<\/strong>\u00a0ABS, PP<\/p>\n<p><strong>Mod\u00e8le :<\/strong>\u00a0Osc-40-1601W<\/p>\n<p>Type de ventilateur:\u00a0sur pied<\/p>\n<p>Puissance:\u00a050W<\/p>\n<p>Tension\/fr\u00e9quence:\u00a0220\/50Hz<\/p>\n<p><strong>Diam\u00e8tre :<\/strong>\u00a016\u2033<\/p>\n<p><b>Vitesse :\u00a0<\/b>3 Niveaux<\/p>\n","protected":false},"featured_media":15729,"comment_status":"open","ping_status":"closed","template":"","meta":{"_monsterinsights_skip_tracking":false,"_monsterinsights_sitenote_active":false,"_monsterinsights_sitenote_note":"","_monsterinsights_sitenote_category":0,"_bst_post_transparent":"","_bst_post_title":"","_bst_post_layout":"","_bst_post_sidebar_id":"","_bst_post_content_style":"","_bst_post_vertical_padding":"","_bst_post_feature":"","_bst_post_feature_position":"","_bst_post_header":false,"_bst_post_footer":false},"product_brand":[],"product_cat":[152,141],"product_tag":[],"product_brands":[],"class_list":{"0":"post-15726","1":"product","2":"type-product","3":"status-publish","4":"has-post-thumbnail","6":"product_cat-climatiseurs-ventilateurs","7":"product_cat-ventilateur","9":"first","10":"instock","11":"shipping-taxable","12":"purchasable","13":"product-type-simple","14":"entry","15":"content-bg","16":"loop-entry"},"yoast_head":"<!-- This site is optimized with the Yoast SEO Premium plugin v19.7 (Yoast SEO v19.14) - https:\/\/yoast.com\/wordpress\/plugins\/seo\/ -->\n<title>VENTILATEUR OSCAR OSC-40-1601B -16 POUCES - Anopri<\/title>\n<meta name=\"robots\" content=\"index, follow, max-snippet:-1, max-image-preview:large, max-video-preview:-1\" \/>\n<link rel=\"canonical\" href=\"https:\/\/www.anopri.com\/?product=ventilateur-oscar-osc-40-1601b-16-pouces\" \/>\n<meta property=\"og:locale\" content=\"fr_FR\" \/>\n<meta property=\"og:type\" content=\"article\" \/>\n<meta property=\"og:title\" content=\"VENTILATEUR OSCAR OSC-40-1601B -16 POUCES\" \/>\n<meta property=\"og:description\" content=\"Type de produit :\u00a0Ventilateur  Marque:\u00a0Oscar  Mati\u00e8re :\u00a0ABS, PP  Mod\u00e8le :\u00a0Osc-40-1601W  Type de ventilateur:\u00a0sur pied  Puissance:\u00a050W  Tension\/fr\u00e9quence:\u00a0220\/50Hz  Diam\u00e8tre :\u00a016\u2033  Vitesse :\u00a03 Niveaux\" \/>\n<meta property=\"og:url\" content=\"https:\/\/www.anopri.com\/?product=ventilateur-oscar-osc-40-1601b-16-pouces\" \/>\n<meta property=\"og:site_name\" content=\"Anopri\" \/>\n<meta property=\"article:publisher\" content=\"https:\/\/web.facebook.com\/profile.php?id=100080248592655\" \/>\n<meta property=\"article:modified_time\" content=\"2023-11-09T16:34:05+00:00\" \/>\n<meta property=\"og:image\" content=\"https:\/\/www.anopri.com\/wp-content\/uploads\/2023\/10\/WhatsApp-Image-2023-10-20-a-11.20.31_d428742c.jpg\" \/>\n\t<meta property=\"og:image:width\" content=\"750\" \/>\n\t<meta property=\"og:image:height\" content=\"1000\" \/>\n\t<meta property=\"og:image:type\" content=\"image\/jpeg\" \/>\n<meta name=\"twitter:card\" content=\"summary_large_image\" \/>\n<script type=\"application\/ld+json\" class=\"yoast-schema-graph\">{\"@context\":\"https:\/\/schema.org\",\"@graph\":[{\"@type\":\"WebPage\",\"@id\":\"https:\/\/www.anopri.com\/?product=ventilateur-oscar-osc-40-1601b-16-pouces\",\"url\":\"https:\/\/www.anopri.com\/?product=ventilateur-oscar-osc-40-1601b-16-pouces\",\"name\":\"VENTILATEUR OSCAR OSC-40-1601B -16 POUCES - Anopri\",\"isPartOf\":{\"@id\":\"https:\/\/www.anopri.com\/#website\"},\"datePublished\":\"2023-10-21T16:46:04+00:00\",\"dateModified\":\"2023-11-09T16:34:05+00:00\",\"breadcrumb\":{\"@id\":\"https:\/\/www.anopri.com\/?product=ventilateur-oscar-osc-40-1601b-16-pouces#breadcrumb\"},\"inLanguage\":\"fr-FR\",\"potentialAction\":[{\"@type\":\"ReadAction\",\"target\":[\"https:\/\/www.anopri.com\/?product=ventilateur-oscar-osc-40-1601b-16-pouces\"]}]},{\"@type\":\"BreadcrumbList\",\"@id\":\"https:\/\/www.anopri.com\/?product=ventilateur-oscar-osc-40-1601b-16-pouces#breadcrumb\",\"itemListElement\":[{\"@type\":\"ListItem\",\"position\":1,\"name\":\"Home\",\"item\":\"https:\/\/www.anopri.com\/\"},{\"@type\":\"ListItem\",\"position\":2,\"name\":\"Shop\",\"item\":\"https:\/\/www.anopri.com\/?page_id=9\"},{\"@type\":\"ListItem\",\"position\":3,\"name\":\"VENTILATEUR OSCAR OSC-40-1601B -16 POUCES\"}]},{\"@type\":\"WebSite\",\"@id\":\"https:\/\/www.anopri.com\/#website\",\"url\":\"https:\/\/www.anopri.com\/\",\"name\":\"Anopri\",\"description\":\"Le num\u00e9ro 1 du E-commerce au Cameroun\",\"publisher\":{\"@id\":\"https:\/\/www.anopri.com\/#organization\"},\"potentialAction\":[{\"@type\":\"SearchAction\",\"target\":{\"@type\":\"EntryPoint\",\"urlTemplate\":\"https:\/\/www.anopri.com\/?s={search_term_string}\"},\"query-input\":\"required name=search_term_string\"}],\"inLanguage\":\"fr-FR\"},{\"@type\":\"Organization\",\"@id\":\"https:\/\/www.anopri.com\/#organization\",\"name\":\"Anopri\",\"url\":\"https:\/\/www.anopri.com\/\",\"logo\":{\"@type\":\"ImageObject\",\"inLanguage\":\"fr-FR\",\"@id\":\"https:\/\/www.anopri.com\/#\/schema\/logo\/image\/\",\"url\":\"https:\/\/www.anopri.com\/wp-content\/uploads\/2021\/12\/logo_anopris-removebg-preview-pihrepl4a7wbf4ckedruxkg3fixsgydq3o170682d0.png\",\"contentUrl\":\"https:\/\/www.anopri.com\/wp-content\/uploads\/2021\/12\/logo_anopris-removebg-preview-pihrepl4a7wbf4ckedruxkg3fixsgydq3o170682d0.png\",\"width\":136,\"height\":50,\"caption\":\"Anopri\"},\"image\":{\"@id\":\"https:\/\/www.anopri.com\/#\/schema\/logo\/image\/\"},\"sameAs\":[\"https:\/\/web.facebook.com\/profile.php?id=100080248592655\"]}]}<\/script>\n<!-- \/ Yoast SEO Premium plugin. -->","yoast_head_json":{"title":"VENTILATEUR OSCAR OSC-40-1601B -16 POUCES - Anopri","robots":{"index":"index","follow":"follow","max-snippet":"max-snippet:-1","max-image-preview":"max-image-preview:large","max-video-preview":"max-video-preview:-1"},"canonical":"https:\/\/www.anopri.com\/?product=ventilateur-oscar-osc-40-1601b-16-pouces","og_locale":"fr_FR","og_type":"article","og_title":"VENTILATEUR OSCAR OSC-40-1601B -16 POUCES","og_description":"Type de produit :\u00a0Ventilateur  Marque:\u00a0Oscar  Mati\u00e8re :\u00a0ABS, PP  Mod\u00e8le :\u00a0Osc-40-1601W  Type de ventilateur:\u00a0sur pied  Puissance:\u00a050W  Tension\/fr\u00e9quence:\u00a0220\/50Hz  Diam\u00e8tre :\u00a016\u2033  Vitesse :\u00a03 Niveaux","og_url":"https:\/\/www.anopri.com\/?product=ventilateur-oscar-osc-40-1601b-16-pouces","og_site_name":"Anopri","article_publisher":"https:\/\/web.facebook.com\/profile.php?id=100080248592655","article_modified_time":"2023-11-09T16:34:05+00:00","og_image":[{"width":750,"height":1000,"url":"https:\/\/www.anopri.com\/wp-content\/uploads\/2023\/10\/WhatsApp-Image-2023-10-20-a-11.20.31_d428742c.jpg","type":"image\/jpeg"}],"twitter_card":"summary_large_image","schema":{"@context":"https:\/\/schema.org","@graph":[{"@type":"WebPage","@id":"https:\/\/www.anopri.com\/?product=ventilateur-oscar-osc-40-1601b-16-pouces","url":"https:\/\/www.anopri.com\/?product=ventilateur-oscar-osc-40-1601b-16-pouces","name":"VENTILATEUR OSCAR OSC-40-1601B -16 POUCES - Anopri","isPartOf":{"@id":"https:\/\/www.anopri.com\/#website"},"datePublished":"2023-10-21T16:46:04+00:00","dateModified":"2023-11-09T16:34:05+00:00","breadcrumb":{"@id":"https:\/\/www.anopri.com\/?product=ventilateur-oscar-osc-40-1601b-16-pouces#breadcrumb"},"inLanguage":"fr-FR","potentialAction":[{"@type":"ReadAction","target":["https:\/\/www.anopri.com\/?product=ventilateur-oscar-osc-40-1601b-16-pouces"]}]},{"@type":"BreadcrumbList","@id":"https:\/\/www.anopri.com\/?product=ventilateur-oscar-osc-40-1601b-16-pouces#breadcrumb","itemListElement":[{"@type":"ListItem","position":1,"name":"Home","item":"https:\/\/www.anopri.com\/"},{"@type":"ListItem","position":2,"name":"Shop","item":"https:\/\/www.anopri.com\/?page_id=9"},{"@type":"ListItem","position":3,"name":"VENTILATEUR OSCAR OSC-40-1601B -16 POUCES"}]},{"@type":"WebSite","@id":"https:\/\/www.anopri.com\/#website","url":"https:\/\/www.anopri.com\/","name":"Anopri","description":"Le num\u00e9ro 1 du E-commerce au Cameroun","publisher":{"@id":"https:\/\/www.anopri.com\/#organization"},"potentialAction":[{"@type":"SearchAction","target":{"@type":"EntryPoint","urlTemplate":"https:\/\/www.anopri.com\/?s={search_term_string}"},"query-input":"required name=search_term_string"}],"inLanguage":"fr-FR"},{"@type":"Organization","@id":"https:\/\/www.anopri.com\/#organization","name":"Anopri","url":"https:\/\/www.anopri.com\/","logo":{"@type":"ImageObject","inLanguage":"fr-FR","@id":"https:\/\/www.anopri.com\/#\/schema\/logo\/image\/","url":"https:\/\/www.anopri.com\/wp-content\/uploads\/2021\/12\/logo_anopris-removebg-preview-pihrepl4a7wbf4ckedruxkg3fixsgydq3o170682d0.png","contentUrl":"https:\/\/www.anopri.com\/wp-content\/uploads\/2021\/12\/logo_anopris-removebg-preview-pihrepl4a7wbf4ckedruxkg3fixsgydq3o170682d0.png","width":136,"height":50,"caption":"Anopri"},"image":{"@id":"https:\/\/www.anopri.com\/#\/schema\/logo\/image\/"},"sameAs":["https:\/\/web.facebook.com\/profile.php?id=100080248592655"]}]}},"_links":{"self":[{"href":"https:\/\/www.anopri.com\/index.php?rest_route=\/wp\/v2\/product\/15726","targetHints":{"allow":["GET"]}}],"collection":[{"href":"https:\/\/www.anopri.com\/index.php?rest_route=\/wp\/v2\/product"}],"about":[{"href":"https:\/\/www.anopri.com\/index.php?rest_route=\/wp\/v2\/types\/product"}],"replies":[{"embeddable":true,"href":"https:\/\/www.anopri.com\/index.php?rest_route=%2Fwp%2Fv2%2Fcomments&post=15726"}],"version-history":[{"count":1,"href":"https:\/\/www.anopri.com\/index.php?rest_route=\/wp\/v2\/product\/15726\/revisions"}],"predecessor-version":[{"id":15730,"href":"https:\/\/www.anopri.com\/index.php?rest_route=\/wp\/v2\/product\/15726\/revisions\/15730"}],"wp:featuredmedia":[{"embeddable":true,"href":"https:\/\/www.anopri.com\/index.php?rest_route=\/wp\/v2\/media\/15729"}],"wp:attachment":[{"href":"https:\/\/www.anopri.com\/index.php?rest_route=%2Fwp%2Fv2%2Fmedia&parent=15726"}],"wp:term":[{"taxonomy":"product_brand","embeddable":true,"href":"https:\/\/www.anopri.com\/index.php?rest_route=%2Fwp%2Fv2%2Fproduct_brand&post=15726"},{"taxonomy":"product_cat","embeddable":true,"href":"https:\/\/www.anopri.com\/index.php?rest_route=%2Fwp%2Fv2%2Fproduct_cat&post=15726"},{"taxonomy":"product_tag","embeddable":true,"href":"https:\/\/www.anopri.com\/index.php?rest_route=%2Fwp%2Fv2%2Fproduct_tag&post=15726"},{"taxonomy":"product_brands","embeddable":true,"href":"https:\/\/www.anopri.com\/index.php?rest_route=%2Fwp%2Fv2%2Fproduct_brands&post=15726"}],"curies":[{"name":"wp","href":"https:\/\/api.w.org\/{rel}","templated":true}]}}